nvert 5184236 (base 9) to base 4.
22210232031
What is 268682 (base 14) in base 6?
44254322
Convert -1628561 (base 9) to base 5.
-212431044
Convert 18a83a8 (base 11) to base 6.
152543512
What is -111110202 (base 5) in base 6?
-14244025
Convert 977523 (base 11) to base 13.
428bc8
Convert 87a334 (base 11) to base 4.
11112322331
Convert 12132 (base 5) to base 8.
1625
What is 3115550 (base 10) in base 12?
1062b92
Convert 120131033 (base 7) to base 13.
1704974
Convert 1011010000101011110001 (base 2) to base 7.
34043120
Convert 420333013 (base 5) to base 11.
a82076
Convert -1217354 (base 11) to base 4.
-20011012123
What is 233323330 (base 4) in base 10?
196348
Convert 20472 (base 13) to base 11.
3a549
What is 253752 (base 11) in base 4?
1201231030
Convert -133024 (base 5) to base 12.
-3151
What is 2220221221102 (base 3) in base 2?
101111011011100001001
Convert 256356 (base 8) to base 9.
145471
42b03b (base 15) to base 6
152023215
Convert -1215 (base 14) to base 9.
-4285
-1532040 (base 6) to base 14
-24a80
What is 11101101111101010001011 (base 2) in base 13?
1800150
-101011121022211 (base 3) to base 2
-10100100111100101110100
What is 26044212 (base 7) in base 4?
21001022133
Convert -1572031 (base 8) to base 9.
-764088
What is 22663611 (base 7) in base 11?
114593a
What is 4741162 (base 8) in base 13?
364566
Convert 10100000001011100000011 (base 2) to base 7.
62420353
Convert -5541541 (base 6) to base 3.
-112010000121
What is 49230b (base 14) in base 8?
11430727
What is 3bb938 (base 13) in base 11?
903283
211211012221 (base 3) to base 2
1101101101011001000
1100011000000001 (base 2) to base 11
350a1
1304325 (base 7) to base 13
5c27a
What is 80c79f (base 16) in base 11?
4844975
-2581b5 (base 12) to base 13
-187193
Convert 22222010201200 (base 3) to base 5.
2210003004
What is -101344301 (base 5) in base 7?
-3362463
What is 33013034 (base 6) in base 13?
284b18
Convert -240705 (base 8) to base 15.
-19618
What is -4230431 (base 5) in base 4?
-101101111
-126322 (base 9) to base 2
-10010110000001000
1992a (base 11) to base 10
27741
What is 12510563 (base 7) in base 6?
40315315
Convert -16c2d (base 15) to base 12.
-3672a
Convert 6a448 (base 13) to base 6.
4054252
What is -57720 (base 8) in base 7?
-131340
3123a (base 12) to base 8
175416
What is -35701 (base 10) in base 7?
-206041
1126152 (base 7) to base 15
2bd6c
Convert -11110000110001000001 (base 2) to base 8.
-3606101
-3314013 (base 6) to base 8
-503131
What is 33165b (base 13) in base 6?
41440425
133769 (base 10) to base 9
223442
What is -20021310010 (base 4) in base 12?
-870a84
What is -c44e2 (base 16) in base 12?
-329396
Convert -1694074 (base 11) to base 16.
-2bdea1
578635 (base 10) to base 16
8d44b
Convert 7b0e2 (base 15) to base 10.
391712
What is -5b9259 (base 12) in base 5?
-340110130
-123132 (base 5) to base 13
-2248
What is -207069 (base 10) in base 9?
-345036
Convert 10002323123 (base 4) to base 13.
2b1975
What is 31144 (base 12) in base 11?
44202
What is -1023441031 (base 5) in base 16?
-2121ff
Convert -12114011021 (base 5) to base 11.
-8021654
What is -230023122 (base 4) in base 16?
-2c2da
22202211210022 (base 3) to base 6
243530225
12635324 (base 7) to base 6
41014542
Convert 18af86 (base 16) to base 11.
a05526
Convert -300426 (base 8) to base 10.
-98582
What is 34161063 (base 7) in base 4?
23111302122
Convert 1a8615 (base 11) to base 4.
1031312003
What is -1001001000000110111 (base 2) in base 6?
-10224315
What is 413340332 (base 5) in base 12?
69b5a3
What is a709a (base 16) in base 13?
1ac559
What is -162489a (base 12) in base 3?
-22112002010001
21103300 (base 6) to base 3
1011020201000
Convert -10333032 (base 4) to base 16.
-4fce
What is -10201000222001 (base 3) in base 7?
-22510351
-311130 (base 8) to base 13
-37b61
What is 38764 (base 14) in base 6?
2545540
Convert -b9465 (base 12) to base 13.
-87275
What is 103102111000 (base 4) in base 2?
10011010010010101000000
-23521331 (base 6) to base 16
-b5117
Convert -590ca6 (base 14) to base 15.
-3eee5c
What is 222010212100212 (base 3) in base 8?
64777654
What is -361737 (base 8) in base 11?
-85080
899066 (base 10) to base 5
212232231
-661262 (base 8) to base 15
-45b19
What is -d5298 (base 14) in base 3?
-222002121020
What is -221211001120 (base 3) in base 13?
-14a3ab
What is -139491 (base 15) in base 16?
-e6245
What is 22413000 (base 5) in base 7?
1465002
-1152739 (base 12) to base 5
-1323434010
What is 21646150 (base 7) in base 6?
104123151
Convert 216310343 (base 7) to base 16.
c812e7
What is 14300002 (base 5) in base 8?
444762
Convert 9a89c (base 15) to base 8.
1677472
113005324 (base 7) to base 8
32370703
43142146 (base 8) to base 4
203030101212
What is 112032051 (base 6) in base 14?
3b79dd
What is -915a43 (base 11) in base 6?
-51314512
Convert -4239388 (base 11) to base 2.
-11100011110011100000011
30130 (base 5) to base 7
5404
10000211210111 (base 3) to base 6
54310021
-10752816 (base 9) to base 7
-62315265
What is 10220230 (base 6) in base 9?
504010
What is -11212232 (base 5) in base 14?
-28b02
Convert -bb035 (base 16) to base 14.
-15d229
Convert -132125235 (base 6) to base 12.
-a6681b
Convert -3764146 (base 8) to base 6.
-34202314
-2cc31 (base 14) to base 5
-12042110
Convert 13111201 (base 5) to base 12.
6273a
Convert -553682 (base 13) to base 9.
-3688048
Convert 1000121122 (base 3) to base 5.
1121012
Convert 1443434203 (base 5) to base 7.
45030620
Convert -10332133 (base 5) to base 8.
-257104
Convert -238153 (base 10) to base 7.
-2011216
Convert 165400 (base 7) to base 16.
8164
2010011122020 (base 3) to base 7
12364536
Convert 86d245 (base 15) to base 12.
2199118
Convert -11221705 (base 9) to base 2.
-10100110001110100010011
What is 387276 (base 9) in base 16?
395d9
-c648c5 (base 14) to base 5
-3203301401
32421340 (base 5) to base 14
73c71
What is 26224 (base 11) in base 3?
1220111020
What is 115308 (base 9) in base 16?
10f82
Convert ab5677 (base 13) to base 9.
7535657
Convert 21131302 (base 4) to base 2.
1001011101110010
What is -3a10138 (base 11) in base 10?
-6939996
Convert 21010002002101 (base 3) to base 4.
32123000302
310557 (base 9) to base 10
184165
What is -38ba590 (base 12) in base 5?
-10331213222
Convert -19890 (base 14) to base 9.
-107806
100100010110101110000 (base 2) to base 6
41311104
What is 538a4 (base 11) in base 13?
29827
Convert 170207 (base 9) to base 7.
615355
-210111121101 (base 3) to base 2
-1100111010101011110
23415354 (base 8) to base 15
6b19ba
What is -a7c018 (base 13) in base 3?
-21102010121212
2006753 (base 8) to base 4
2000313223
What is -473614 (base 8) in base 10?
-161676
-146706 (base 11) to base 6
-4521354
-2111212002000 (base 3) to base 9
-2455060
3603 (base 16) to base 15
416c
What is -2122210012100 (base 3) in base 5?
-330203241
What is -27771a (base 12) in base 16?
-a0246
448c8 (base 14) to base 16
289f0
What is -58e5 (base 15) in base 8?
-44712
What is 1311354 (base 6) in base 12?
3555a
What is 6333115 (base 7) in base 13?
20a040
Convert -41123730 (base 8) to base 11.
-49a87a2
-1010010010100100110 (base 2) to base 15
-69d95
1126261 (base 8) to base 14
7d905
What is 201542303 (base 6) in base 15?
482580
What is 3c53d (base 14) in base 10?
149211
221a62a (base 14) to base 11
9166710
What is 100100001110011011101 (base 2) in base 9?
2208270
Convert -100817 (base 12) to base 9.
-420841
-137c05 (base 13) to base 9
-802657
213001100 (base 5) to base 13
259741
6a8a1d (base 14) to base 11
2063075
Convert 3160205 (base 8) to base 3.
1120212121220
What is -10100120001 (base 3) in base 13?
-24082
3002533 (base 8) to base 7
6460542
What is -210101211102022 (base 3) in base 10?
-11373434
Convert -2846202 (base 13) to base 5.
-11231023403
What is -32078 (base 14) in base 15?
-25c12
13ab48 (base 16) to base 15
1a6e07
What is -2200021101220 (base 3) in base 16?
-15b4ed
-4236522 (base 11) to base 3
-112001001102001
-342cc (base 15) to base 16
-28881
Convert 1305642 (base 8) to base 2.
1011000101110100010
-1133310010 (base 4) to base 11
-248945
Convert -1101110011010111001010 (base 2) to base 7.
-42516556
49590e (base 16) to base 12
1739952
Convert 3403424 (base 6) to base 11.
108155
-33013001 (base 4) to base 14
-187a9
31449 (base 16) to base 6
4154133
What is -1111221100021 (base 3) in base 2?
-110001001011101000